{"id":2,"date":"2023-11-27T21:02:47","date_gmt":"2023-11-27T21:02:47","guid":{"rendered":"https:\/\/site14.arn1103.uqat.ca\/?page_id=2"},"modified":"2023-12-14T00:59:35","modified_gmt":"2023-12-14T00:59:35","slug":"sample-page","status":"publish","type":"page","link":"https:\/\/site14.arn1103.uqat.ca\/index.php\/sample-page\/","title":{"rendered":"\u00c0 propos"},"content":{"rendered":"\n<blockquote class=\"wp-block-quote is-layout-flow wp-block-quote-is-layout-flow\">\n<p class=\"has-body-font-family\">Apr\u00e8s avoir compl\u00e9t\u00e9 leurs Doctorat en d\u00e9veloppement durable. Maude et \u00c9my on cr\u00e9e une plate-forme qui offre une \u00e9ducation alternative bas\u00e9e sur l&rsquo;environnement.<\/p>\n<\/blockquote>\n\n\n\n<p>Pour que les gens s&rsquo;informe et contribue \u00e0 la sant\u00e9 de tous &#8230; <\/p>\n\n\n\n<blockquote class=\"wp-block-quote is-layout-flow wp-block-quote-is-layout-flow\">\n<p class=\"has-body-font-family\">La plate-forme offre des formations en ligne qui \u00e9duque et transmet des connaissances pour d\u00e9velopper davantage un mode de vie ax\u00e9e en symbiose avec la nature.<\/p>\n<cite>\u00a0\u00bbLa terre ne nous pas \u00e9t\u00e9 l\u00e9gu\u00e9e par nos parents, elle nous a \u00e9t\u00e9 pr\u00eat\u00e9e par nos enfants. \u00a0\u00bb Proverbe<\/cite><\/blockquote>\n\n\n\n<figure class=\"wp-block-image size-large\"><img loading=\"lazy\" decoding=\"async\" width=\"683\" height=\"1024\" src=\"https:\/\/site14.arn1103.uqat.ca\/wp-content\/uploads\/2023\/12\/pexels-anna-tarazevich-7772026-683x1024.jpg\" alt=\"\" class=\"wp-image-15\" srcset=\"https:\/\/site14.arn1103.uqat.ca\/wp-content\/uploads\/2023\/12\/pexels-anna-tarazevich-7772026-683x1024.jpg 683w, https:\/\/site14.arn1103.uqat.ca\/wp-content\/uploads\/2023\/12\/pexels-anna-tarazevich-7772026-200x300.jpg 200w, https:\/\/site14.arn1103.uqat.ca\/wp-content\/uploads\/2023\/12\/pexels-anna-tarazevich-7772026-768x1152.jpg 768w, https:\/\/site14.arn1103.uqat.ca\/wp-content\/uploads\/2023\/12\/pexels-anna-tarazevich-7772026-1024x1536.jpg 1024w, https:\/\/site14.arn1103.uqat.ca\/wp-content\/uploads\/2023\/12\/pexels-anna-tarazevich-7772026-1365x2048.jpg 1365w, https:\/\/site14.arn1103.uqat.ca\/wp-content\/uploads\/2023\/12\/pexels-anna-tarazevich-7772026-scaled.jpg 1706w\" sizes=\"auto, (max-width: 683px) 100vw, 683px\" \/><\/figure>\n","protected":false},"excerpt":{"rendered":"<p>Apr\u00e8s avoir compl\u00e9t\u00e9 leurs Doctorat en d\u00e9veloppement durable. Maude et \u00c9my on cr\u00e9e une plate-forme qui offre une \u00e9ducation alternative bas\u00e9e sur l&rsquo;environnement. Pour que les gens s&rsquo;informe et contribue \u00e0 la sant\u00e9 de tous &#8230; La plate-forme offre des formations en ligne qui \u00e9duque et transmet des connaissances pour d\u00e9velopper davantage un mode de [&hellip;]<\/p>\n","protected":false},"author":1,"featured_media":0,"parent":0,"menu_order":0,"comment_status":"closed","ping_status":"closed","template":"","meta":{"footnotes":""},"class_list":["post-2","page","type-page","status-publish","hentry"],"_links":{"self":[{"href":"https:\/\/site14.arn1103.uqat.ca\/index.php\/wp-json\/wp\/v2\/pages\/2","targetHints":{"allow":["GET"]}}],"collection":[{"href":"https:\/\/site14.arn1103.uqat.ca\/index.php\/wp-json\/wp\/v2\/pages"}],"about":[{"href":"https:\/\/site14.arn1103.uqat.ca\/index.php\/wp-json\/wp\/v2\/types\/page"}],"author":[{"embeddable":true,"href":"https:\/\/site14.arn1103.uqat.ca\/index.php\/wp-json\/wp\/v2\/users\/1"}],"replies":[{"embeddable":true,"href":"https:\/\/site14.arn1103.uqat.ca\/index.php\/wp-json\/wp\/v2\/comments?post=2"}],"version-history":[{"count":8,"href":"https:\/\/site14.arn1103.uqat.ca\/index.php\/wp-json\/wp\/v2\/pages\/2\/revisions"}],"predecessor-version":[{"id":63,"href":"https:\/\/site14.arn1103.uqat.ca\/index.php\/wp-json\/wp\/v2\/pages\/2\/revisions\/63"}],"wp:attachment":[{"href":"https:\/\/site14.arn1103.uqat.ca\/index.php\/wp-json\/wp\/v2\/media?parent=2"}],"curies":[{"name":"wp","href":"https:\/\/api.w.org\/{rel}","templated":true}]}}